{"id":458,"date":"2024-09-30T19:17:47","date_gmt":"2024-09-30T19:17:47","guid":{"rendered":"https:\/\/iespjosejimenezborja.edu.pe\/?page_id=458"},"modified":"2025-11-07T22:38:10","modified_gmt":"2025-11-07T22:38:10","slug":"458-2","status":"publish","type":"page","link":"https:\/\/iespjosejimenezborja.edu.pe\/?page_id=458","title":{"rendered":"Portal de Transparencia"},"content":{"rendered":"<p>[et_pb_section fb_built=\u00bb1&#8243; fullwidth=\u00bbon\u00bb admin_label=\u00bbHeader Section\u00bb _builder_version=\u00bb4.16&#8243; background_image=\u00bbhttps:\/\/iespjosejimenezborja.edu.pe\/wp-content\/uploads\/2023\/05\/hdgdgh.jpg\u00bb parallax=\u00bbon\u00bb top_divider_style=\u00bbclouds2&#8243; top_divider_color=\u00bbrgba(255,255,255,0.3)\u00bb top_divider_height=\u00bb100%\u00bb bottom_divider_height=\u00bb30px\u00bb global_colors_info=\u00bb{}\u00bb][et_pb_fullwidth_header subhead=\u00bbPORTAL DE TRANSPARENCIA\u00bb text_orientation=\u00bbcenter\u00bb _builder_version=\u00bb4.16&#8243; title_level=\u00bbh2&#8243; title_font=\u00bbRubik|700||on|||||\u00bb title_text_color=\u00bb#ff7355&#8243; title_font_size=\u00bb16px\u00bb title_letter_spacing=\u00bb5px\u00bb title_line_height=\u00bb2em\u00bb content_font=\u00bbRubik||||||||\u00bb content_font_size=\u00bb18px\u00bb content_line_height=\u00bb2em\u00bb subhead_font=\u00bbRubik|700|||||||\u00bb subhead_text_color=\u00bbrgba(0,0,0,0.8)\u00bb subhead_font_size=\u00bb50px\u00bb subhead_line_height=\u00bb1.4em\u00bb background_color=\u00bbrgba(255,255,255,0)\u00bb use_background_color_gradient=\u00bbon\u00bb background_color_gradient_stops=\u00bbrgba(255,255,255,0.7) 0%|#ffffff 100%\u00bb background_color_gradient_start=\u00bbrgba(255,255,255,0.7)\u00bb background_color_gradient_end=\u00bb#ffffff\u00bb background_size=\u00bbcontain\u00bb background_position=\u00bbbottom_center\u00bb custom_button_one=\u00bbon\u00bb button_one_text_size=\u00bb16px\u00bb button_one_text_color=\u00bb#ffffff\u00bb button_one_bg_color=\u00bb#ff7355&#8243; button_one_border_width=\u00bb15px\u00bb button_one_border_color=\u00bbrgba(210,159,104,0)\u00bb button_one_border_radius=\u00bb100px\u00bb button_one_letter_spacing=\u00bb0px\u00bb button_one_font=\u00bbRubik|700|||||||\u00bb button_one_use_icon=\u00bboff\u00bb custom_button_two=\u00bbon\u00bb button_two_text_size=\u00bb16px\u00bb button_two_text_color=\u00bb#ffffff\u00bb button_two_bg_color=\u00bbrgba(0,0,0,0.6)\u00bb button_two_border_width=\u00bb15px\u00bb button_two_border_color=\u00bbrgba(210,159,104,0)\u00bb button_two_border_radius=\u00bb100px\u00bb button_two_letter_spacing=\u00bb0px\u00bb button_two_font=\u00bbRubik|700|||||||\u00bb button_two_use_icon=\u00bboff\u00bb background_layout=\u00bblight\u00bb custom_margin=\u00bb|||\u00bb custom_padding=\u00bb8vw||4vw|\u00bb animation_style=\u00bbslide\u00bb animation_direction=\u00bbbottom\u00bb animation_intensity_slide=\u00bb1%\u00bb subhead_font_size_tablet=\u00bb\u00bb subhead_font_size_phone=\u00bb30px\u00bb subhead_font_size_last_edited=\u00bbon|phone\u00bb button_one_border_radius_hover=\u00bb100px\u00bb button_two_border_radius_hover=\u00bb100px\u00bb button_one_bg_color_hover=\u00bb#ff8a70&#8243; button_two_bg_color_hover=\u00bb#ff8a70&#8243; global_colors_info=\u00bb{}\u00bb button_one_text_size__hover_enabled=\u00bboff\u00bb button_two_text_size__hover_enabled=\u00bboff\u00bb button_one_text_color__hover_enabled=\u00bboff\u00bb button_two_text_color__hover_enabled=\u00bboff\u00bb button_one_border_width__hover_enabled=\u00bboff\u00bb button_two_border_width__hover_enabled=\u00bboff\u00bb button_one_border_color__hover_enabled=\u00bboff\u00bb button_two_border_color__hover_enabled=\u00bboff\u00bb button_one_border_radius__hover_enabled=\u00bbon\u00bb button_one_border_radius__hover=\u00bb100px\u00bb button_two_border_radius__hover_enabled=\u00bbon\u00bb button_two_border_radius__hover=\u00bb100px\u00bb button_one_letter_spacing__hover_enabled=\u00bboff\u00bb button_two_letter_spacing__hover_enabled=\u00bboff\u00bb button_one_bg_color__hover_enabled=\u00bbon\u00bb button_one_bg_color__hover=\u00bb#ff8a70&#8243; button_two_bg_color__hover_enabled=\u00bbon\u00bb button_two_bg_color__hover=\u00bb#ff8a70&#8243;][\/et_pb_fullwidth_header][\/et_pb_section][et_pb_section fb_built=\u00bb1&#8243; admin_label=\u00bbContact Section\u00bb _builder_version=\u00bb4.21.0&#8243; background_image=\u00bbhttps:\/\/iespjosejimenezborja.edu.pe\/wp-content\/uploads\/2023\/05\/shapes-bg-1.png\u00bb parallax=\u00bbon\u00bb custom_padding=\u00bb|||\u00bb global_colors_info=\u00bb{}\u00bb][et_pb_row _builder_version=\u00bb4.21.0&#8243; _module_preset=\u00bbdefault\u00bb width=\u00bb69.9%\u00bb global_colors_info=\u00bb{}\u00bb][et_pb_column type=\u00bb4_4&#8243; _builder_version=\u00bb4.21.0&#8243; _module_preset=\u00bbdefault\u00bb global_colors_info=\u00bb{}\u00bb][et_pb_text _builder_version=\u00bb4.21.0&#8243; _module_preset=\u00bbdefault\u00bb custom_padding=\u00bb||5px|||\u00bb global_colors_info=\u00bb{}\u00bb]<\/p>\n<h1 class=\"esp-title-00\"><strong>INSTITUTO DE EDUCACI\u00d3N SUPERIOR PEDAG\u00d3GICO PRIVADO JOS\u00c9 JIM\u00c9NEZ BORJA (I.E.S.P.P. JJB)<\/strong><\/h1>\n<p>[\/et_pb_text][et_pb_text _builder_version=\u00bb4.21.0&#8243; _module_preset=\u00bbdefault\u00bb custom_padding=\u00bb||0px|||\u00bb global_colors_info=\u00bb{}\u00bb]<\/p>\n<h2><strong>DATOS GENERALES<\/strong><\/h2>\n<p><strong>Directora General:<\/strong> Lucila Asalia Robles Agreda<\/p>\n<p><strong><\/strong><\/p>\n<p>[\/et_pb_text][et_pb_code _builder_version=\u00bb4.21.0&#8243; _module_preset=\u00bbdefault\u00bb global_colors_info=\u00bb{}\u00bb]<!-- [et_pb_line_break_holder] --><!-- [et_pb_line_break_holder] -->[\/et_pb_code][et_pb_code _builder_version=\u00bb4.21.0&#8243; _module_preset=\u00bbdefault\u00bb custom_padding=\u00bb0px|||||\u00bb global_colors_info=\u00bb{}\u00bb]<\/p>\n<h2>Marco Legal<\/h2>\n<p><!-- [et_pb_line_break_holder] --><\/p>\n<ul><!-- [et_pb_line_break_holder] -->    <\/p>\n<li><a href=\"URL_DEL_DOCUMENTO\" target=\"_blank\" rel=\"noopener\"><strong>Ley de Transparencia y Acceso a la Informaci\u00f3n P\u00fablica<\/strong><\/a>, su Reglamento<\/li>\n<p><!-- [et_pb_line_break_holder] -->    <\/p>\n<li><a href=\"URL_DEL_DOCUMENTO\" target=\"_blank\" rel=\"noopener\">Ley N\u00ba 31783, Ley Que Modifica La Ley N\u00b0 27806<\/a>.<\/li>\n<p><!-- [et_pb_line_break_holder] -->    <\/p>\n<li><a href=\"URL_DEL_DOCUMENTO\" target=\"_blank\" rel=\"noopener\">Ley N\u00ba 27806.- Ley de Transparencia y Acceso a la Informaci\u00f3n P\u00fablica<\/a>.<\/li>\n<p><!-- [et_pb_line_break_holder] -->    <\/p>\n<li><a href=\"URL_DEL_DOCUMENTO\" target=\"_blank\" rel=\"noopener\">DECRETO SUPREMO N\u00b0 021-2019-JUS<\/a> que reemplaza al DECRETO SUPREMO N\u00b0 043-2003-PCM que aprueba el Texto \u00danico Ordenado de la Ley N\u00ba 27806, Ley de Transparencia y Acceso a la Informaci\u00f3n P\u00fablica.<\/li>\n<p><!-- [et_pb_line_break_holder] -->    <\/p>\n<li><a href=\"URL_DEL_DOCUMENTO\" target=\"_blank\" rel=\"noopener\">Decreto Supremo N\u00b0 007-2024-JUS<\/a> que aprueba el Reglamento de la Ley de Transparencia y Acceso a la Informaci\u00f3n P\u00fablica.<\/a><\/li>\n<p><!-- [et_pb_line_break_holder] -->    <\/p>\n<li><a href=\"URL_DEL_DOCUMENTO\" target=\"_blank\" rel=\"noopener\">Decreto Supremo N\u00ba 063-2010-PCM<\/a>, aprueba implementaci\u00f3n del PTE.<\/li>\n<p><!-- [et_pb_line_break_holder] -->    <\/p>\n<li>Aprueba <a href=\"URL_DEL_DOCUMENTO\" target=\"_blank\" rel=\"noopener\">Lineamiento para Implementaci\u00f3n y Actualizaci\u00f3n del PTE en entidades de Administraci\u00f3n P\u00fablica<\/a>.<\/li>\n<p><!-- [et_pb_line_break_holder] -->    <\/p>\n<li><a href=\"URL_DEL_DOCUMENTO\" target=\"_blank\" rel=\"noopener\">Lineamiento para Implementaci\u00f3n y Actualizaci\u00f3n del PTE en entidades de Administraci\u00f3n P\u00fablica<\/a>.<\/li>\n<p><!-- [et_pb_line_break_holder] -->    <\/p>\n<li><a href=\"URL_DEL_DOCUMENTO\" target=\"_blank\" rel=\"noopener\">Decreto Legislativo N\u00b0 1353<\/a> que crea la Autoridad Nacional de Transparencia y Acceso a La Informaci\u00f3n P\u00fablica, fortalece el R\u00e9gimen de Protecci\u00f3n de Datos Personales y la Regulaci\u00f3n de la Gesti\u00f3n de Intereses.<\/li>\n<p><!-- [et_pb_line_break_holder] -->    <\/p>\n<li><a href=\"URL_DEL_DOCUMENTO\" target=\"_blank\" rel=\"noopener\">Fe de erratas de Decreto Legislativo N\u00b0 1353<\/a>.<\/li>\n<p><!-- [et_pb_line_break_holder] -->    <\/p>\n<li>Aprueban el Reglamento del <a href=\"URL_DEL_DOCUMENTO\" target=\"_blank\" rel=\"noopener\">Decreto Legislativo N\u00b0 1353<\/a>, que crea la Autoridad Nacional de Transparencia y Acceso a la Informaci\u00f3n P\u00fablica, fortalece el R\u00e9gimen de Protecci\u00f3n de Datos Personales y la Regulaci\u00f3n de Gesti\u00f3n de Intereses.<\/li>\n<p><!-- [et_pb_line_break_holder] -->    <\/p>\n<li><a href=\"URL_DEL_DOCUMENTO\" target=\"_blank\" rel=\"noopener\">Ley 27444<\/a> Ley de Procedimiento Administrativo General.<\/li>\n<p><!-- [et_pb_line_break_holder] -->    <\/p>\n<li><a href=\"URL_DEL_DOCUMENTO\" target=\"_blank\" rel=\"noopener\">Ley N\u00ba 29091<\/a>, modifica la Ley N\u00ba 27444.<\/li>\n<p><!-- [et_pb_line_break_holder] -->    <\/p>\n<li><P>Norma de Creaci\u00f3n de la Entidad<\/P><\/li>\n<p><!-- [et_pb_line_break_holder] -->    <\/p>\n<li><a href=\"https:\/\/drive.google.com\/file\/d\/1bCvaLEqAPE_W0yUwmhxjALHI_BSdtA_C\/view\" rel=\"noopener\">D.S N\u00b0 03-94-ED<\/a><\/li>\n<p><!-- [et_pb_line_break_holder] --><\/ul>\n<p><!-- [et_pb_line_break_holder] --><!-- [et_pb_line_break_holder] --><\/p>\n<h3>Informaci\u00f3n Adicional<\/h3>\n<p><!-- [et_pb_line_break_holder] --><\/p>\n<ul><!-- [et_pb_line_break_holder] -->    <\/p>\n<li><a href=\"https:\/\/drive.google.com\/file\/d\/1ExukOfM18-2YLleCXY7JwjLaOStJpgkf\/view?usp=sharing\" target=\"_blank\" rel=\"noopener\">Plan Anual De Trabajo (PAT)<\/a><\/li>\n<p><!-- [et_pb_line_break_holder] -->    <\/p>\n<li><a href=\"https:\/\/drive.google.com\/file\/d\/1EjGa7mshm5dtUv4Ueq35raRZNGDXi2eN\/view?usp=sharing\" target=\"_blank\" rel=\"noopener\">Manual De Proceso Institucional (MPI)<\/a><\/li>\n<p><!-- [et_pb_line_break_holder] --><\/p>\n<li><a href=\"https:\/\/drive.google.com\/file\/d\/1B41ApQaxdNkmLEmfH3EuobndUzLET_zg\/view?usp=sharing\" target=\"_blank\" rel=\"noopener\">Proyecto Educativo Institucional (PEI)<\/a><\/li>\n<p><!-- [et_pb_line_break_holder] --><\/p>\n<li><a href=\"https:\/\/drive.google.com\/file\/d\/1BMpNsoXqixKBhrBczHHTm7eSuAqXrw_g\/view?usp=sharing\" target=\"_blank\" rel=\"noopener\">Proyecto Curricular Institucional (PCI)<\/a><\/li>\n<p><!-- [et_pb_line_break_holder] --><\/p>\n<li><a href=\"https:\/\/drive.google.com\/file\/d\/1lDi8__b7RY3y5lm7Hz2fl4dX9-2XgasR\/view?usp=sharing\" target=\"_blank\" rel=\"noopener\">Reglamento de Investigaci\u00f3n<\/a><\/li>\n<p>\u00a0<!-- [et_pb_line_break_holder] --><\/ul>\n<p><!-- [et_pb_line_break_holder] -->[\/et_pb_code][\/et_pb_column][\/et_pb_row][et_pb_row column_structure=\u00bb1_4,1_4,1_4,1_4&#8243; _builder_version=\u00bb4.21.0&#8243; _module_preset=\u00bbdefault\u00bb global_colors_info=\u00bb{}\u00bb width__hover_enabled=\u00bbon|desktop\u00bb][et_pb_column type=\u00bb1_4&#8243; _builder_version=\u00bb4.21.0&#8243; _module_preset=\u00bbdefault\u00bb box_shadow_style=\u00bbpreset1&#8243; global_colors_info=\u00bb{}\u00bb][et_pb_image src=\u00bbhttps:\/\/iespjosejimenezborja.edu.pe\/wp-content\/uploads\/2024\/10\/IMG-BECA.jpg\u00bb title_text=\u00bbIMG BECA\u00bb _builder_version=\u00bb4.21.0&#8243; _module_preset=\u00bbdefault\u00bb width=\u00bb100%\u00bb max_width=\u00bb100%\u00bb min_height=\u00bb160px\u00bb height=\u00bb160px\u00bb custom_margin=\u00bb|-18px|17px|||\u00bb global_colors_info=\u00bb{}\u00bb][\/et_pb_image][et_pb_text _builder_version=\u00bb4.21.0&#8243; _module_preset=\u00bbdefault\u00bb text_font=\u00bb|600|||||||\u00bb text_font_size=\u00bb17px\u00bb custom_margin=\u00bb21px|2px|17px|2px|false|false\u00bb custom_padding=\u00bb||2px||false|false\u00bb global_colors_info=\u00bb{}\u00bb]<\/p>\n<p style=\"text-align: center;\">BECAS Y CREDITOS<\/p>\n<p>[\/et_pb_text][et_pb_divider show_divider=\u00bboff\u00bb _builder_version=\u00bb4.21.0&#8243; _module_preset=\u00bbdefault\u00bb custom_margin=\u00bb-18px||46px|||\u00bb custom_padding=\u00bb||9px|||\u00bb global_colors_info=\u00bb{}\u00bb][\/et_pb_divider][\/et_pb_column][et_pb_column type=\u00bb1_4&#8243; _builder_version=\u00bb4.21.0&#8243; _module_preset=\u00bbdefault\u00bb box_shadow_style=\u00bbpreset1&#8243; global_colors_info=\u00bb{}\u00bb][et_pb_image src=\u00bbhttps:\/\/iespjosejimenezborja.edu.pe\/wp-content\/uploads\/2024\/10\/IMG3.jpg\u00bb title_text=\u00bbIMG3&#8243; _builder_version=\u00bb4.21.0&#8243; _module_preset=\u00bbdefault\u00bb height=\u00bb157px\u00bb custom_margin=\u00bb||13px|||\u00bb global_colors_info=\u00bb{}\u00bb][\/et_pb_image][et_pb_text _builder_version=\u00bb4.21.0&#8243; _module_preset=\u00bbdefault\u00bb text_font=\u00bb|600|||||||\u00bb text_font_size=\u00bb17px\u00bb text_line_height=\u00bb1em\u00bb custom_margin=\u00bb||3px|-2px|false|false\u00bb custom_padding=\u00bb7px||||false|false\u00bb link_option_url=\u00bbhttps:\/\/iespjosejimenezborja.edu.pe\/?page_id=545&#8243; global_colors_info=\u00bb{}\u00bb]<\/p>\n<p style=\"text-align: center;\">PROYECTOS DE INVESTIGAI\u00d3N<\/p>\n<p>[\/et_pb_text][et_pb_divider show_divider=\u00bboff\u00bb _builder_version=\u00bb4.21.0&#8243; _module_preset=\u00bbdefault\u00bb custom_margin=\u00bb||45px|||\u00bb global_colors_info=\u00bb{}\u00bb][\/et_pb_divider][\/et_pb_column][et_pb_column type=\u00bb1_4&#8243; _builder_version=\u00bb4.21.0&#8243; _module_preset=\u00bbdefault\u00bb box_shadow_style=\u00bbpreset1&#8243; global_colors_info=\u00bb{}\u00bb][et_pb_image src=\u00bbhttps:\/\/iespjosejimenezborja.edu.pe\/wp-content\/uploads\/2024\/10\/IMG3-1.jpg\u00bb title_text=\u00bbIMG3&#8243; _builder_version=\u00bb4.21.0&#8243; _module_preset=\u00bbdefault\u00bb height=\u00bb157px\u00bb custom_margin=\u00bb||25px|||\u00bb global_colors_info=\u00bb{}\u00bb][\/et_pb_image][et_pb_text _builder_version=\u00bb4.21.0&#8243; _module_preset=\u00bbdefault\u00bb text_font=\u00bb|600|||||||\u00bb text_font_size=\u00bb17px\u00bb custom_margin=\u00bb-16px|1px|42px|4px|false|false\u00bb custom_padding=\u00bb3px||||false|false\u00bb link_option_url=\u00bbhttps:\/\/iespjosejimenezborja.edu.pe\/?page_id=663&#8243; global_colors_info=\u00bb{}\u00bb]<\/p>\n<p style=\"text-align: center;\">CONFORMACI\u00d3N DE CUERPO DOCENTE<\/p>\n<p>[\/et_pb_text][\/et_pb_column][et_pb_column type=\u00bb1_4&#8243; _builder_version=\u00bb4.21.0&#8243; _module_preset=\u00bbdefault\u00bb box_shadow_style=\u00bbpreset1&#8243; global_colors_info=\u00bb{}\u00bb][et_pb_image src=\u00bbhttps:\/\/iespjosejimenezborja.edu.pe\/wp-content\/uploads\/2024\/10\/IMG4.jpg\u00bb title_text=\u00bbIMG4&#8243; _builder_version=\u00bb4.21.0&#8243; _module_preset=\u00bbdefault\u00bb min_height=\u00bb157px\u00bb height=\u00bb157px\u00bb custom_margin=\u00bb||16px|||\u00bb global_colors_info=\u00bb{}\u00bb][\/et_pb_image][et_pb_text _builder_version=\u00bb4.21.0&#8243; _module_preset=\u00bbdefault\u00bb text_font=\u00bb|600|||||||\u00bb text_font_size=\u00bb17px\u00bb text_orientation=\u00bbcenter\u00bb custom_margin=\u00bb||24px|||\u00bb link_option_url=\u00bbhttps:\/\/docs.google.com\/spreadsheets\/d\/1wVA3e1xqEbpuzgucHDUbQtb-bHIBsvrC\/edit?usp=sharing&#038;ouid=107084193840940558202&#038;rtpof=true&#038;sd=true\u00bb link_option_url_new_window=\u00bbon\u00bb global_colors_info=\u00bb{}\u00bb]<\/p>\n<p style=\"text-align: center;\">MATRICULADOS Y EGRESADOS<\/p>\n<p>[\/et_pb_text][et_pb_divider show_divider=\u00bboff\u00bb _builder_version=\u00bb4.21.0&#8243; _module_preset=\u00bbdefault\u00bb custom_margin=\u00bb||14px|||\u00bb global_colors_info=\u00bb{}\u00bb][\/et_pb_divider][\/et_pb_column][\/et_pb_row][et_pb_row column_structure=\u00bb1_4,1_4,1_4,1_4&#8243; _builder_version=\u00bb4.21.0&#8243; _module_preset=\u00bbdefault\u00bb custom_padding=\u00bb||15px|||\u00bb global_colors_info=\u00bb{}\u00bb][et_pb_column type=\u00bb1_4&#8243; _builder_version=\u00bb4.21.0&#8243; _module_preset=\u00bbdefault\u00bb box_shadow_style=\u00bbpreset1&#8243; global_colors_info=\u00bb{}\u00bb][et_pb_image src=\u00bbhttps:\/\/iespjosejimenezborja.edu.pe\/wp-content\/uploads\/2024\/10\/IMG5.jpg\u00bb title_text=\u00bbIMG5&#8243; _builder_version=\u00bb4.21.0&#8243; _module_preset=\u00bbdefault\u00bb height=\u00bb160px\u00bb max_height=\u00bb160px\u00bb custom_margin=\u00bb||20px|||\u00bb locked=\u00bboff\u00bb global_colors_info=\u00bb{}\u00bb][\/et_pb_image][et_pb_text _builder_version=\u00bb4.21.0&#8243; _module_preset=\u00bbdefault\u00bb text_font=\u00bb|600|||||||\u00bb text_font_size=\u00bb17px\u00bb text_line_height=\u00bb1em\u00bb text_orientation=\u00bbcenter\u00bb custom_margin=\u00bb9px||4px||false|false\u00bb custom_padding=\u00bb2px|0px||0px|false|false\u00bb link_option_url=\u00bbhttps:\/\/iespjosejimenezborja.edu.pe\/?page_id=762&#8243; locked=\u00bboff\u00bb global_colors_info=\u00bb{}\u00bb]<\/p>\n<p style=\"text-align: center;\">PROGRAMAS DE ESTUDIOS<\/p>\n<p>[\/et_pb_text][et_pb_divider show_divider=\u00bboff\u00bb _builder_version=\u00bb4.21.0&#8243; _module_preset=\u00bbdefault\u00bb custom_margin=\u00bb||3px|||\u00bb custom_padding=\u00bb33px||11px|||\u00bb locked=\u00bboff\u00bb global_colors_info=\u00bb{}\u00bb][\/et_pb_divider][\/et_pb_column][et_pb_column type=\u00bb1_4&#8243; _builder_version=\u00bb4.21.0&#8243; _module_preset=\u00bbdefault\u00bb box_shadow_style=\u00bbpreset1&#8243; global_colors_info=\u00bb{}\u00bb][et_pb_image src=\u00bbhttps:\/\/iespjosejimenezborja.edu.pe\/wp-content\/uploads\/2024\/10\/IMG6.png\u00bb title_text=\u00bbIMG6&#8243; _builder_version=\u00bb4.21.0&#8243; _module_preset=\u00bbdefault\u00bb height=\u00bb160px\u00bb max_height=\u00bb160px\u00bb custom_margin=\u00bb||20px|||\u00bb global_colors_info=\u00bb{}\u00bb][\/et_pb_image][et_pb_text _builder_version=\u00bb4.21.0&#8243; _module_preset=\u00bbdefault\u00bb text_font=\u00bb|600|||||||\u00bb text_font_size=\u00bb17px\u00bb text_line_height=\u00bb1em\u00bb text_orientation=\u00bbcenter\u00bb custom_margin=\u00bb9px||4px||false|false\u00bb custom_padding=\u00bb2px|0px||0px|false|false\u00bb link_option_url=\u00bbhttps:\/\/iespjosejimenezborja.edu.pe\/?page_id=737&#8243; global_colors_info=\u00bb{}\u00bb]<\/p>\n<p style=\"text-align: center;\">DOCUMENTOS QUE AUTORIZAN EL FUNCIONAMIENTO DEL IESPP<\/p>\n<p>[\/et_pb_text][et_pb_divider show_divider=\u00bboff\u00bb _builder_version=\u00bb4.21.0&#8243; _module_preset=\u00bbdefault\u00bb custom_margin=\u00bb||3px|||\u00bb custom_padding=\u00bb||11px|||\u00bb global_colors_info=\u00bb{}\u00bb][\/et_pb_divider][\/et_pb_column][et_pb_column type=\u00bb1_4&#8243; _builder_version=\u00bb4.21.0&#8243; _module_preset=\u00bbdefault\u00bb box_shadow_style=\u00bbpreset1&#8243; global_colors_info=\u00bb{}\u00bb][et_pb_image src=\u00bbhttps:\/\/iespjosejimenezborja.edu.pe\/wp-content\/uploads\/2024\/10\/IMG7.png\u00bb title_text=\u00bbIMG7&#8243; _builder_version=\u00bb4.21.0&#8243; _module_preset=\u00bbdefault\u00bb height=\u00bb157px\u00bb custom_margin=\u00bb||13px|||\u00bb global_colors_info=\u00bb{}\u00bb][\/et_pb_image][et_pb_text _builder_version=\u00bb4.21.0&#8243; _module_preset=\u00bbdefault\u00bb text_font=\u00bb|600|||||||\u00bb text_font_size=\u00bb17px\u00bb text_line_height=\u00bb1em\u00bb custom_margin=\u00bb||3px|-2px|false|false\u00bb custom_padding=\u00bb7px||||false|false\u00bb link_option_url=\u00bbhttps:\/\/drive.google.com\/file\/d\/1qaPiekUkS9y9hftkXIfc5Z6lpDGfUxKy\/view?usp=sharing\u00bb link_option_url_new_window=\u00bbon\u00bb global_colors_info=\u00bb{}\u00bb]<\/p>\n<p style=\"text-align: center;\">REGLAMENTO INSTITUCIONAL<\/p>\n<p>[\/et_pb_text][et_pb_divider show_divider=\u00bboff\u00bb _builder_version=\u00bb4.21.0&#8243; _module_preset=\u00bbdefault\u00bb custom_margin=\u00bb||51px|||\u00bb global_colors_info=\u00bb{}\u00bb][\/et_pb_divider][\/et_pb_column][et_pb_column type=\u00bb1_4&#8243; _builder_version=\u00bb4.21.0&#8243; _module_preset=\u00bbdefault\u00bb box_shadow_style=\u00bbpreset1&#8243; global_colors_info=\u00bb{}\u00bb][et_pb_image src=\u00bbhttps:\/\/iespjosejimenezborja.edu.pe\/wp-content\/uploads\/2024\/10\/IMG9.png\u00bb title_text=\u00bbIMG9&#8243; _builder_version=\u00bb4.21.0&#8243; _module_preset=\u00bbdefault\u00bb min_height=\u00bb157px\u00bb height=\u00bb157px\u00bb custom_margin=\u00bb||16px|||\u00bb global_colors_info=\u00bb{}\u00bb][\/et_pb_image][et_pb_text _builder_version=\u00bb4.21.0&#8243; _module_preset=\u00bbdefault\u00bb text_font=\u00bb|600|||||||\u00bb text_text_color=\u00bb#0C71C3&#8243; text_font_size=\u00bb17px\u00bb text_orientation=\u00bbcenter\u00bb custom_margin=\u00bb||24px|||\u00bb link_option_url=\u00bbhttps:\/\/drive.google.com\/file\/d\/1tPttPtC6QskX7FD94cN1OSgOj_Xd_CIq\/view?usp=sharing\u00bb link_option_url_new_window=\u00bbon\u00bb hover_enabled=\u00bb0&#8243; global_colors_info=\u00bb{}\u00bb sticky_enabled=\u00bb0&#8243;]<\/p>\n<p style=\"text-align: center;\"><strong>TUPA<\/strong><\/p>\n<p>[\/et_pb_text][et_pb_divider show_divider=\u00bboff\u00bb _builder_version=\u00bb4.21.0&#8243; _module_preset=\u00bbdefault\u00bb custom_margin=\u00bb||37px|||\u00bb global_colors_info=\u00bb{}\u00bb][\/et_pb_divider][\/et_pb_column][\/et_pb_row][\/et_pb_section]<\/p>\n","protected":false},"excerpt":{"rendered":"<p>INSTITUTO DE EDUCACI\u00d3N SUPERIOR PEDAG\u00d3GICO PRIVADO JOS\u00c9 JIM\u00c9NEZ BORJA (I.E.S.P.P. JJB)DATOS GENERALES Directora General: Lucila Asalia Robles Agreda BECAS Y CREDITOSPROYECTOS DE INVESTIGAI\u00d3NCONFORMACI\u00d3N DE CUERPO DOCENTEMATRICULADOS Y EGRESADOSPROGRAMAS DE ESTUDIOSDOCUMENTOS QUE AUTORIZAN EL FUNCIONAMIENTO DEL IESPPREGLAMENTO INSTITUCIONALTUPA<\/p>\n","protected":false},"author":1,"featured_media":0,"parent":0,"menu_order":0,"comment_status":"closed","ping_status":"closed","template":"","meta":{"_et_pb_use_builder":"on","_et_pb_old_content":"","_et_gb_content_width":"","footnotes":""},"class_list":["post-458","page","type-page","status-publish","hentry"],"_links":{"self":[{"href":"https:\/\/iespjosejimenezborja.edu.pe\/index.php?rest_route=\/wp\/v2\/pages\/458","targetHints":{"allow":["GET"]}}],"collection":[{"href":"https:\/\/iespjosejimenezborja.edu.pe\/index.php?rest_route=\/wp\/v2\/pages"}],"about":[{"href":"https:\/\/iespjosejimenezborja.edu.pe\/index.php?rest_route=\/wp\/v2\/types\/page"}],"author":[{"embeddable":true,"href":"https:\/\/iespjosejimenezborja.edu.pe\/index.php?rest_route=\/wp\/v2\/users\/1"}],"replies":[{"embeddable":true,"href":"https:\/\/iespjosejimenezborja.edu.pe\/index.php?rest_route=%2Fwp%2Fv2%2Fcomments&post=458"}],"version-history":[{"count":82,"href":"https:\/\/iespjosejimenezborja.edu.pe\/index.php?rest_route=\/wp\/v2\/pages\/458\/revisions"}],"predecessor-version":[{"id":891,"href":"https:\/\/iespjosejimenezborja.edu.pe\/index.php?rest_route=\/wp\/v2\/pages\/458\/revisions\/891"}],"wp:attachment":[{"href":"https:\/\/iespjosejimenezborja.edu.pe\/index.php?rest_route=%2Fwp%2Fv2%2Fmedia&parent=458"}],"curies":[{"name":"wp","href":"https:\/\/api.w.org\/{rel}","templated":true}]}}